(p). Determine t(-2).
6
Suppose 8 = f + 3*f. Suppose 0 = -f*i + i + 2. Let w(y) = 2*y**2 - y**i - 2*y**2. Calculate w(-1).
-1
Let k(g) = 8*g + 1 - 3*g + 9 - 4*g. What is k(-7)?
3
Let g(h) = -3*h - 5. Let l be -2*15/6 - -1. What is g(l)?
7
Let x(b) = -b**3 - b**2 + 9*b + 9. Let m(k) = k**3 + 2*k**2 - 9*k - 9. Let j(p) = 5*m(p) + 4*x(p). Calculate j(-7).
5
Let j(c) = c**2 - 6*c + 1. Let a = -10 + -7. Let m = -12 - a. Calculate j(m).
-4
Let o be ((-2)/(-1))/((-3)/6). Let z(n) be the third derivative of n**5/60 + n**4/4 + 5*n**3/6 - 2*n**2. What is z(o)?
-3
Suppose 0*s - 2*s = 4*u - 2, -5*u + 4*s - 4 = 0. Suppose -2*h - 2*p = -u*p - 4, 5*h = 4*p + 46. Let d(o) = 3 + h - 4 - 3*o - o**2. Give d(-4).
1
Let l(s) = 3*s**3 + 2*s**2 + 5*s + 6. Let p be -5 + 10 + (-2)/1. Let a(h) = 4*h**3 + h**2 + 5*h + 7. Let q(m) = p*l(m) - 2*a(m). Calculate q(-4).
-16
Let z be (-2)/4 + 9/(-6). Let g be 6/2 - z*1. Let i(p) = -p + 8. Determine i(g).
3
Let z(r) = -r + 4. Suppose 49 = 4*i + 25. Calculate z(i).
-2
Let g = 15 + -11. Let h be (-6)/15 + g/10. Let m(b) = -b. What is m(h)?
0
Let p = 4 + -1. Let g(s) = -7*s - 4*s**2 - 2 + s - s**2 + s**p. Let h = 92 - 86. Determine g(h).
-2
Let k be (-30)/4 - 2/(-4). Let n be (-2)/k + 8/(-28). Suppose 4*c = -4*t - 1 + 13, n = c + 2*t - 1. Let v(g) = -g**3 + 6*g**2 - 4*g + 2. Give v(c).
7
Let a = -206 + 206. Let h(p) be the second derivative of p**5/120 + p**4/4 + p**3/6 + p. Let z(n) be the second derivative of h(n). Calculate z(a).
6
Let s(b) = -b**2 - b. Let x(t) = t**2 + t + 16. Let h be x(0). Suppose -5*o = 1 - h. Suppose o*y = -2*y. Calculate s(y).
0
Let r(f) = f + 2*f**2 + f**3 - 4*f + 4*f**2 + 1 + 6*f. Suppose -20*l + 23*l + 15 = 0. Determine r(l).
11
Let d(k) = k**2 + 4*k - 7. Let g be d(-6). Let j(u) = u - 1 - 3*u + g*u**3 + u**3 - u**2. Suppose -2*q + 3*q = -1. What is j(q)?
-6
Let r(b) = -1. Let u(y) = 2*y - 8. Let x(h) = 10*r(h) - u(h). Let n(m) = -2*m + 4. Let p be n(3). Let j = -2 + p. Calculate x(j).
6
Let t(q) = q**3 - 5*q**2 - q + 4. Let g = -38 + 43. Determine t(g).
-1
Let y be 90*(1 + 6/(-10)). Suppose -m = 5, -2*m - y = -5*w - 6. Let s(o) be the first derivative of -o**4/4 + o**3 + 3*o**2/2 + 5*o - 1. Give s(w).
1
Suppose 0 = 4*g + 2*t - 46, 2*t - 4*t - 8 = -2*g. Let p(f) = -4*f - 9 + g. Suppose -3*w = -5*n - 8*w + 20, -3*n + 4*w = 9. Give p(n).
-4
Let s(k) = 14*k - 17. Let u(g) be the second derivative of -5*g**3/6 + 3*g**2 - 2*g. Let q(z) = -4*s(z) - 11*u(z). Determine q(0).
2
Let x(g) be the second derivative of g**5/120 + g**4/24 + g**3/3 - 5*g. Let l(r) be the second derivative of x(r). Determine l(4).
5
Suppose -8 = -3*w - 2. Let m(i) = 4*i**2 - 5*i**w - 2 + 2*i**2 + i. Suppose -4*a - t - 8 = 0, -t - 4*t = 0. Determine m(a).
0
Let s(r) = 8*r - 19. Let y(b) = 13*b - 29. Let u(h) = -8*s(h) + 5*y(h). Give u(-5).
2
Suppose -r = -2*v - 5*r - 12, 5*r = v - 22. Let i(h) be the first derivative of -h**4/4 - h**3/3 + h - 12. What is i(v)?
-11
Let b(o) = -4*o - 4. Let s(p) = -3*p**2 - p - 1. Let u be s(-1). Determine b(u).
8
Let l(k) = -6*k**2 + 2*k - 1. Let b(m) = -m**3 - 7*m**2 - 6*m. Suppose -t = -2*t - 6. Let i be b(t). Let z = i + 1. What is l(z)?
-5
Let w(g) = -g - 1. Suppose -2*f + 15 = -15. Let p be 10/(-6)*f/(-1). Suppose 4*q + 26 - 1 = -5*x, -3*q + p = -5*x. Determine w(q).
-1
Let x = 5 + -3. Suppose -x*w - 12 = -6*w. Let j(v) = w*v - v - v. Give j(-1).
-1
Let a be (2/(4 + -2))/(3/6). Let x(j) = j**3 - j**2 - j + 1. Calculate x(a).
3
Let d(q) = -2*q - 1. Let w be d(-1). Let m(x) = -7*x**2 + 4*x + 4. Let u(k) = -k**2 + k + 1. Let z(j) = -m(j) + 4*u(j). What is z(w)?
3
Let f be 2*4/8*2. Let n(i) = -i**2 + f + 0*i**2 + 2 - 8*i + 5*i. Give n(-4).
0
Let y(q) = q + 7. Let o(s) = -s**2 - s + 25. Let a = 2 - 2. Let d be o(a). Suppose -3*k - d = 2*k. What is y(k)?
2
Let k(b) = 12*b**2 + 2*b - 1 - 6 + 13 - 5. Let h(i) = -i**2 + 7*i - 7. Let n be h(6). Determine k(n).
11
Let c(l) = 2*l - 1. Let f(p) = -11*p - 4. Let u(h) = 6*c(h) + f(h). Calculate u(-7).
-17
Suppose -2*h - 5*h + 3*h = 0. Let m(j) be the third derivative of 2*j**2 - 1/8*j**4 + 0 + 1/6*j**3 + h*j. Determine m(-2).
7
Suppose -10*k + 44 = -16. Let i(l) = -l**3 + 8*l**2 - 9*l. What is i(k)?
18
Let x be 5/(-15) - (-14)/6. Let b(a) = 0*a + 4*a**2 - 6*a**x + a**2 + 2 - 4*a. Determine b(-4).
2
Let d(a) be the third derivative of -a**6/120 - a**5/12 + a**4/24 + 5*a**3/6 - 4*a**2. What is d(-5)?
0
Let l(y) = 10 - 18 + 2*y**2 + 10 - y**3 + 4*y. Calculate l(-2).
10
Let n(u) be the first derivative of u**2/2 + 5*u - 1. Let j = 16 + -16. Give n(j).
5
Let q(z) = z. Let k(x) = x**2 - 4*x + 3. Let f(u) = k(u) - 3*q(u). Determine f(5).
-7
Let v be (8/10)/(1/5). Let b be -2 + v + 8/(-2). Let s(f) = 2*f - 15. Let l(o) = 3. Let r(g) = 6*l(g) + s(g). Calculate r(b).
-1
Suppose -w + 44 = 3*w. Let f = 39 - 37. Let z(h) = 4*h - 2. Let d(c) = -21*c + 11. Let a(l) = f*d(l) + w*z(l). What is a(1)?
2
Let b(g) = g + 2. Let m be b(0). Suppose -m*k + 12 = k. Suppose 0 = -2*i - 6, -k*i - 1 = -5*z - 7*i. Let x(r) = 2*r**3 - r**2 - r - 2. Give x(z).
8
Let y(j) = 6*j - 3 - 9*j + 2. What is y(-1)?
2
Let k(w) be the first derivative of -w**3/3 - 7*w**2/2 - 4*w + 16. Calculate k(-5).
6
Let f(v) = v**3 - 4*v**2 + 2*v + 1. Suppose -4*u = -4, 2*d + 2*u + 34 = -d. Let j = 16 + d. Determine f(j).
9
Let y(j) = j**3 - 7*j**2 + 8*j - 2. Suppose 2*s - q + 0*q = 14, 32 = 4*s - 4*q. Calculate y(s).
10
Let b(f) = f + 3. Let t be 3/9 - (-6)/9. Let a be ((-6)/t)/(0 - -2). Determine b(a).
0
Let o(b) be the first derivative of -b**3/3 - 4*b**2 - 5*b + 39. Give o(-4).
11
Let o(c) = -c**3 + 3 + c**2 + 1 + 1. Let y be 0/(22/(-33) + 1/(-3)). Give o(y).
5
Let b(q) = 3*q**2 + 10*q + 9. Let x(f) = -f**2 - f - 1. Let m(g) = -b(g) - 2*x(g). What is m(-7)?
0
Suppose 0 = 2*c - 3*c + 5. Let s be 3 - (c + -3 + 0). Let k(w) = 5*w - 2*w - 1 - 4*w**2 - w. Determine k(s).
-3
Let c(w) be the second derivative of w**6/720 + w**5/60 + w**4/6 - 3*w. Let o(z) be the third derivative of c(z). Determine o(-4).
-2
Let n(w) = 11 + w**2 - 6 - 2*w + w. Give n(0).
5
Let q be 2/(-5) + 40/(-25). Let b be ((-50)/(-15))/(q/(-6)). Suppose -4*u - b = 3*n - 2*u, 3*u + 15 = -5*n. Let k(a) = a**2 + a. Determine k(n).
0
Let b(x) = -x**3 - x**2 - 3*x + 5. Let u(f) = 4*f**3 + 2*f**2 + 8*f - 15. Let c(d) = 7*b(d) + 2*u(d). Determine c(4).
1
Let h(b) = -17*b. Suppose 4*y + 20 = 0, 0 = -x - x + y + 3. Give h(x).
17
Let l(g) = -g**3 + 5*g**2 - 2*g - 5. Let d be (1/(1/4))/1. What is l(d)?
3
Let j(x) = x**3 - 6*x**2 + 6. Let u(t) = 8*t**2 - 13. Let r(l) = 7*l**2 - l - 12. Let a(k) = -7*r(k) + 6*u(k). Let z be a(7). Calculate j(z).
6
Let c(k) = k**2 - 4*k - 7. Let b be 2*((-50)/40)/(2/(-4)). Calculate c(b).
-2
Suppose -2*z + 10 = 0, 1 = 5*v - 2*z + 11. Let d(s) = -4*s - 3*s**2 + 5 + v*s + 2*s**2. Give d(-4).
5
Let v(w) = -2*w**2 - 2*w - 2. Let t be 2/(-14) + 26/(-14). Calculate v(t).
-6
Let c = -19 + 14. Let s(y) = y**3 + 5*y**2 + 2*y + 7. Give s(c).
-3
Let i(s) = -s**2 - 10*s - 10. Let h be i(-8). Suppose -2*c = 0, -k - 20 = -h*k + 3*c. Let p(f) = -f**3 + 6*f**2 - 7*f + 4. Calculate p(k).
8
Let b(k) = k**3 - 3*k**2 - 5*k - 2. Let o be b(4). Let r = o - -6. Let w(p) = -p + 5. Give w(r).
5
Suppose 32 = -12*j + 8*j. Let r = j - -11. Let f(m) = 3*m**2 + 5*m + 1 + 3*m**2 - 7*m**2. Determine f(r).
7
Suppose 0 = 5*w - 2*u + 5, -2*u - 2 = -2*w + 2. Let o(m) = 2*m. Let j(a) = -2*a - 1. Let b(c) = w*j(c) - 4*o(c). What is b(4)?
-5
Let m(q) = -24*q + 25*q - 2 + 5. Give m(-7).
-4
Let x = -14 + 23. Let m be 1 - (-4)/(12/x). Let v(y) = y**3 - 5*y**2 + 4*y - 4. Determine v(m).
-4
Let c(v) = -v**3 - 4*v**2 + 5*v - 6. Let u(y) = -y**2 - 5*y + 1. Let j be u(-3). Let f = -12 + j. Determine c(f).
-6
Let n(f) = -10*f**3. Let y be 4*6*1/2. Suppose -y = 2*h + 5*m + 6, -4*m - 13 = 3*h. What is n(h)?
-10
Let q(t) = -3*t**3 - 16*t**2 + 7*t - 21. Let s(x) = 2*x**3 + 8*x**2 - 4*x + 11. Let p(h) = -3*q(h) - 5*s(h). Calculate p(8).
0
Let p(u) be the first derivative of u**2/2 - u + 1. Suppose f - 40 = -4*z, 16 + 4 = 2*z - f. Let s = z - 6. Calculate p(s).
3
Let v(b) = -2*b - 1. Let r be (64/(-24))/(2/(-3)). Calculate v(r).
-9
Let a(b) = b + 6. Suppose -3*t + 2*t - 3 = 0. Calculate a(t).
3
Let f(d) = -d - 1. Let s(u) = 5*u + 4. Let y(z) = -6*f(z) - s(z). Let m(t) = t**3 + 4*